ose -21*n = -111645 - 458358. Is n a prime number?
True
Suppose 65*c - 160 = 55*c. Suppose c*i - 87080 = -12168. Is i a prime number?
False
Let z be ((-56)/(-35))/(2/10). Is (-10267)/z*(77 + -85) composite?
False
Suppose -2*p + 9*m + 280 = 4*m, 2*p + 3*m = 312. Suppose -p*f = -154*f + 20692. Is f a prime number?
False
Suppose -37 = -3*f + 29. Let u be (-1)/(-3 + (-73904)/(-24636)). Suppose -19*x = -f*x + u. Is x prime?
True
Suppose 0 = 2*b - 5*w - 20, -b + 6*w + 13 = 2*w. Suppose 2*u + b*k = 82, -k - 41 = -u + 4*k. Suppose u*z = 40*z + 815. Is z a composite number?
True
Let o = 65 - 70. Is 87288/120 - ((-8)/o)/4 prime?
True
Let p be (-2 + 9 - 2)/1. Suppose 0 = -p*l + l + 103580. Is l prime?
False
Let a(s) = -8*s - 13. Let z be a(-2). Let k be (-6)/z - (-5)/(25/20). Suppose k*j + t = -j + 10942, -2*j = 2*t - 7296. Is j composite?
True
Let r(h) = 29*h**2 + 14. Suppose -7*a - 50 + 15 = 0. Is r(a) composite?
False
Let x(n) = 13*n**2 + 4*n - 2. Let a be x(1). Suppose 3*y = a*y. Suppose y = 3*u - 12, -2*t + 3965 = -5*u - 4417. Is t a prime number?
True
Let o = -207 - -209. Suppose 5*j = -o*k + 14240, -5*k = -3*j - 15608 - 19961. Is k prime?
False
Let d = -5 - -16. Let w be -1 - 0 - (7 - d). Let i(r) = 59*r + 10. Is i(w) prime?
False
Is 5/7 - 1 - 418554900/(-6300) a composite number?
True
Suppose 126 = 21*x + 21. Suppose -x*b + 8520 + 9205 = 0. Is b composite?
True
Suppose 0 = 11*y - 7604 - 5816. Suppose 3*j = -4*p + 119, -3*p + 2*j = -2*j - 83. Let n = p + y. Is n prime?
True
Let s = 216 + -220. Is 9311/((-7)/28*s) composite?
False
Let s = 1012 - 997. Let f(x) = 3*x**3 + 15*x**2 - 10*x + 43. Is f(s) composite?
True
Let d(z) = 18425*z**2 + 47*z + 223. Is d(-8) a prime number?
True
Let s = 701 + -1290. Is -8 + s*(-39)/3 a composite number?
False
Let g = 907409 - 355926. Is g a composite number?
False
Suppose c = -2 + 4. Suppose j = c + 3. Suppose -4*v - 2*a + 844 = 0, v + 633 = 4*v - j*a. Is v composite?
False
Let j(l) = 187*l**3 - 3*l**2 + 10*l - 19. Let i be j(2). Suppose -2*m + 1364 + 127 = u, -i = -u - 4*m. Is u a composite number?
True
Let b(p) = 2184*p. Let q be b(-1). Is 1/(2/(-1 - 1)) - q prime?
False
Suppose 3*i + 4 = z + 3*z, 0 = -4*i + 4*z. Suppose 0 = -t - t + a + 23, 45 = i*t - 3*a. Is 4/(-16) - (-11067)/t - -1 prime?
False
Let t(b) = -4*b - 96. Let s be t(-23). Let m(k) = -14*k**3 - 10*k**2 - 14*k - 1. Is m(s) composite?
True
Let u(t) = t**3 - 7*t**2 - t - 16. Let x be u(7). Let g = x + 25. Is 2/(g/1076*2) a prime number?
False
Let j(c) = 14*c**3 + 4*c**2 + 20*c - 29. Let i be j(8). Let k = i - 5374. Is k a prime number?
False
Let l be (220/6)/((-14)/(-483)). Suppose 0 = -3*i - c + l, i + 0*i - 4*c = 426. Is i + -1*9*(-2)/(-6) composite?
False
Suppose 16*w - 297 = 87. Is 0 - -6 - (w + -3589) a prime number?
True
Let w = 43 + -41. Let j(m) = m - m - 3*m + 4*m**w + m + 19. Is j(11) a composite number?
True
Suppose -3*y + 274749 = f - 202268, -4*y = -3*f + 1431025. Is f a composite number?
False
Suppose j + 3*j = -4*l, -5 = -4*l - 3*j. Suppose v + 1542 = g, -l*v + 977 + 571 = g. Is g composite?
False
Let b(d) = -72*d**2 - 43*d - 97. Let t(v) = -36*v**2 - 21*v - 48. Let q(a) = 4*b(a) - 9*t(a). Is q(-18) composite?
True
Suppose -6*f - 66 = 30. Let l be (-12)/(f/(-4)) + -2. Is (-31256)/(-6) + ((-32)/6 - l) a prime number?
True
Let u(v) = -217*v + 58. Let d(k) = -216*k + 57. Let h(n) = 4*d(n) - 5*u(n). Let c be (-11)/((-1 + -1)/2). Is h(c) a composite number?
True
Let m be ((-50)/(-75))/((-13)/(-6) + -2). Suppose 0 = -m*o + 4*n + 167 + 737, 5*n + 461 = 2*o. Is o composite?
False
Suppose 2*k = 5*w - 36, 2*k + 14 = 3*w - 10. Suppose 0 = -3*j - w + 12. Suppose 5*i = i + j*v + 1238, 4*i - 4*v = 1248. Is i a prime number?
True
Suppose 0 = -g - 12*k + 7*k + 30, -g - 3*k = -22. Is 7520/g - 9/3*1 prime?
False
Is 29485561/63 - 6 - (-10)/45 prime?
True
Let t be -10*(3 + (-42)/10). Let p = -70 - -132. Suppose 14*u - t*u = p. Is u composite?
False
Let u(d) = -4*d**2 + 4*d + 5. Let r be u(4). Let a = r + 45. Suppose -a*n - y = 2*n - 311, -y = -2*n + 151. Is n prime?
False
Let j(o) = -o**2 - 31*o + 47. Let p be j(-34). Is (-5)/25 - 984676/p a composite number?
False
Suppose 0*i = -3*i + 6. Let q = 69 - 64. Suppose q*h = -n + 618, i*h - 7*h = -2*n + 1221. Is n prime?
True
Is -13 + (245/21 - 1)*69168 composite?
True
Let d(h) = -21*h + 151. Let k be d(14). Is 16/(-44) - 508703/k a composite number?
False
Let d(y) = y**2 - 9*y + 51. Let b be (-4)/((-28)/103) - 12/(-42). Is d(b) a prime number?
False
Let x be -3*10/(-6) + 7. Suppose 4072 = x*r - 8*r. Is r composite?
True
Let y(s) = 11*s + 194. Let g be y(-18). Is 5 - -12*(-1822)/g composite?
False
Suppose 6*o - 4*o - 3*i = 13, -4*o = 4*i + 24. Let d be (-26)/(-65) + 354/15 + o. Let b(t) = t**3 - 13*t**2 - 2*t - 21. Is b(d) a prime number?
False
Let s = 30770 + -13329. Is s a prime number?
False
Suppose 3*z = -2*m + 15, -6 - 6 = -3*z - m. Suppose 9*t - 384972 = -z*t. Is t prime?
False
Suppose 0 = -12*j + 53467 + 9941. Suppose -4*i + 7726 = 2*o, 2*i + 4*o - j = -1418. Is i a prime number?
True
Suppose 0 = 75*y - 78*y + 85281. Suppose -s = -5*h - 4*s + y, -4*s - 17033 = -3*h. Is h a composite number?
False
Let u be 9*4/((-8)/(-2)). Let n be ((-2)/3)/(u/(-27)). Suppose 3*m = -i + 5096, -2*i + 4*m = n*i - 20336. Is i composite?
False
Suppose -j - 8 = -x, -5*x - j + 17 = 1. Suppose -x*y + 192 = -0*y. Suppose -y*d = -53*d + 2045. Is d composite?
False
Let f be (0 - 6)/(2*-1). Let y(r) = 3*r**2 - 10*r + 3. Let q be y(f). Suppose q = 4*l - 977 - 4019. Is l a prime number?
True
Suppose v - 3*y = 569936 - 32094, -y - 2151423 = -4*v. Is v a prime number?
False
Suppose -681*h - 3*k = -676*h - 1752506, -3*h + 2*k = -1051515. Is h a prime number?
True
Suppose -4*y = 7*v - 3*v + 60, 2*v + 32 = -3*y. Let d = v - -17. Is 3/d*(0 + 908) + -4 a prime number?
True
Let i be (-1)/((-1)/(-12)*-3). Suppose 2 = i*t - 3*t. Is (t - (-1405)/(-10))/((-2)/44) a composite number?
True
Let f(c) = 352831*c**2 - 95*c + 95. Is f(1) a prime number?
True
Let r(j) = -2*j**3 - 2*j**2 - j. Let c be r(4). Let g = 919 + c. Let i = g + -424. Is i a prime number?
True
Suppose -7*k = 9*k - 112. Is (-32)/112 - ((-4440)/k - 1) a prime number?
False
Suppose -5*c - 14 = 6*w - 2*w, c + 2 = 0. Let a(y) be the second derivative of 35*y**4/2 - y**3/3 - y**2/2 - 1048*y. Is a(w) prime?
True
Let s = -13779 - -27742. Is s prime?
True
Let m(w) = 2*w**2 + 30*w + 2. Let i be m(21). Is i*-5*(-6)/60 composite?
False
Let q = -295 + 299. Suppose -4*l + 2*v + 2677 + 1133 = 0, q*l - v - 3811 = 0. Is l prime?
True
Let h be 5/3*3 + -3. Suppose 0 = -h*z - 5*j + 36342, -3*z - 5*j - 14513 = -69036. Is z composite?
False
Is -11 - (0 - 568634) - -20 prime?
True
Suppose 5*h + 70 = 10*h. Let q(x) = x**3 - 10*x**2 + 4*x - 2. Let m be q(h). Suppose l - m = -l. Is l a prime number?
True
Let l(s) = -2*s**2 + 22*s + 84. Let a be l(13). Let b be 2/(-3)*(-6)/4. Is 4*4/a*1174*b composite?
False
Let t be ((-58742)/2)/(1 - 2). Suppose 0 = 15*o + 5806 - t. Is o composite?
False
Let c = 211154 + -129265. Is c a composite number?
True
Suppose -467*f - 3355515 = -988*f + 476*f. Is f composite?
False
Suppose 6*t = -10 + 40. Suppose 4*m + 2333 = t*m. Is m composite?
False
Let v = 5 + 1. Suppose -1260 = -v*g - 4818. Let a = g + 1740. Is a a composite number?
True
Suppose 3*s - 3*m + 4080 = 0, 2*s + m - 326 + 3061 = 0. Let b = 3952 + s. Is b a composite number?
True
Let w = 153 - 151. Is (-892415)/(-119) + w/(-7) a composite number?
False
Let n(f) = -146*f**2 + f + 1. Let t(k) = -73*k**2 + 1 - 15*k + 24*k - 8*k. Let p(s) = 3*n(s) - 7*t(s). Is p(5) composite?
False
Let n be (-15)/20 + -3 + 54/8. Is (-1)/n - (-9 + 24133/(-3)) a composite number?
False
Suppose 6*n - 459 = 31869. Let x = n - 65. Is x a composite number?
False
Suppose -s + 430725 = 5*t + 4*s, t = -3*s + 86141. Is t prime?
False
Let b(m) = -1890*m**3 - 3*m**2 - 3*m - 1. Let c(y) = y**3 - 11*y**2 + 26*y + 7. Let z be c(4). Is b(z) prime?
True
Let q(s) = 6*s**2 - 6*s. Let u be q(3). Suppose 23403 = -u*y + 158007. Is y prime?
True
Let y be 1/(68/(-12) - -3 - -3). Is -3 + (621/y - -1) composite?
True
Let a = -17 - 2270. Let p = 1982 - a. Is p a prime number?
False
Suppose -4*o = -18*o + 19194. Let r = 5510 + o. Is r prime?
False
Let v = 6484016